 is divided by i.
9
Suppose -142 = -2*j + 6*y - 2*y, -5*j + 5*y + 350 = 0. Let a = -60 + j. Calculate the remainder when a is divided by 6.
3
Let g be 89 - 5 - -2*2. Suppose g = -0*s + 4*s. Suppose k = -3*k + 48. Calculate the remainder when s is divided by k.
10
Suppose 3 + 21 = 3*v - 5*q, -v + 2*q + 9 = 0. Suppose 0 = -0*d + v*d - 30. What is the remainder when -74*(-2 - (-18)/12) is divided by d?
7
Suppose -5*d = -3*g - 0*d - 1, g - 11 = -4*d. Suppose 16 - 88 = 4*i + w, 0 = 3*i + g*w + 54. What is the remainder when i/(-10)*60/18 is divided by 5?
1
Let s = -53 + 140. Calculate the remainder when s is divided by 19.
11
Let v = 16 + -23. Let k be 12/(-21)*v/1. Suppose 5*j - k*j + 5*i - 32 = 0, -4*j = -5*i - 28. Calculate the remainder when 33 is divided by j.
9
Suppose 0 = -4*h + 2*m, 4*h + 8 = -3*m - 2. Let s(d) = -149*d - 4. Calculate the remainder when s(h) is divided by 37.
34
Let q = 319 - 286. Suppose -2*i - 2 = -5*r + 2*i, -4*i = -8. Suppose -g + 2 = v, 2*v = -2*g - r*v - 6. What is the remainder when q is divided by g?
5
Let f(q) = q**2 - 14*q + 33. Let o be f(11). Suppose -7*m + 8*m - 100 = o. What is the remainder when m is divided by 34?
32
Let h be (3/5)/((-8)/(-40)). Suppose 0 = 2*q - 9 + h. Suppose -5*y = -q*g - g + 89, -31 = -g + 3*y. Calculate the remainder when 62 is divided by g.
14
Let a(k) = -17*k - 4. Suppose -2 = 2*w, 7*l + 2*w = 8*l - 140. Calculate the remainder when l is divided by a(-3).
44
Let x(w) = w - 21. Let a be x(18). Let f be -2*(a - 15/6). Let r = 24 - f. What is the remainder when 25 is divided by r?
12
Suppose y = 3*y + 6, 2*m = -5*y + 109. Calculate the remainder when (-2)/(-4) + (-114)/(-4) is divided by -4*((-2)/7 + m/(-28)).
9
Let g(j) = 28 + 22 + j**2 - 9*j - 40. What is the remainder when 77 is divided by g(10)?
17
Let o = -412 - -423. Calculate the remainder when 33 - (4/(-4))/(-1) is divided by o.
10
Let v = 19 - 4. What is the remainder when 24 is divided by v?
9
Suppose -9*r + 6 = -7*r. Let l be (-2)/r + 4/6. Suppose l = 5*b - 4*f - 100, -3*f + 2*f + 80 = 4*b. Calculate the remainder when b is divided by 7.
6
Let m = 183 + -97. Suppose -l - l = m. Let b = -22 - l. Calculate the remainder when b is divided by 11.
10
Let k be (5 - 2) + (-6 - -5). Suppose -z = -k*u - 8 + 1, -2*z + 2*u + 8 = 0. Calculate the remainder when (3 - z) + (11 - -2) is divided by 8.
7
What is the remainder when 108 is divided by (-6)/(12/(-26)) + 1?
10
Let g = 2 + 2. Suppose -g*w = -w - 3*z, 9 = -4*w - 5*z. Calculate the remainder when 31 is divided by (-2 - -4)/(w/(-6)).
7
Let g(f) = -10*f + 17. Let a be g(-8). Let c = a - 30. Calculate the remainder when c is divided by (37 - (-1 + 3)) + 0.
32
Let l = -257 - -301. Calculate the remainder when l is divided by 33.
11
Let t be -2*(-2)/(-26) - 99/117. What is the remainder when (t - (-102)/(-15))/(2/(-10)) is divided by 16?
7
Let p be (14/35)/((-2)/(-100)). Calculate the remainder when 6 is divided by 5/(-2)*(-32)/p.
2
Let u(x) be the third derivative of x**6/120 + x**5/10 - x**4/4 - 10*x**2. Calculate the remainder when u(3) is divided by 22.
19
Let i be -5*(-1)/5 + 196. Suppose j - i = -3*k, -j - 5 = 5*k - 336. What is the remainder when k is divided by 35?
32
Let s(a) = -a**2 + 20*a + 7. Let z be 136/8 + -1 + 1. Calculate the remainder when s(z) is divided by 15.
13
Suppose 0*l + 1428 = 17*l. Calculate the remainder when l is divided by 13.
6
Suppose y = 2*o - 368, -y = -3*o + 100 + 450. Calculate the remainder when o is divided by 23.
21
Let h(a) = -6*a - 3. Let o(b) = b**2 - 17*b - 49. Calculate the remainder when o(24) is divided by h(-3).
14
Let y(t) = 2*t + 9. Let w be y(12). Suppose x - 19 = -6. Suppose x = -m + w. Calculate the remainder when m is divided by 7.
6
Let o(x) = x**2 - 10*x + 10. Let m be o(10). Suppose w = -5 + m. Suppose 5 = w*z, -2*v - 3*z = 5 - 36. What is the remainder when v is divided by 4?
2
Suppose 12*r + 368 = 20*r. Suppose 4*c + 12 - 60 = 0. Calculate the remainder when r is divided by c.
10
Let p = 59 + -52. Calculate the remainder when 83 is divided by p.
6
Let i = 305 - 268. Calculate the remainder when 147 is divided by i.
36
Let m(y) = -9*y - 3. Let r be m(-5). Let v = -360 + 371. What is the remainder when r/1 - (-1 + 0) is divided by v?
10
Let z = 18 + -14. Calculate the remainder when 21 is divided by ((-2)/z)/((-18)/288).
5
Suppose 0 = 3*x + w - 314, 21*w = 5*x + 19*w - 505. Calculate the remainder when 407 is divided by x.
98
Let i(q) = 24*q**2 - 150*q + 5. What is the remainder when i(11) is divided by 63?
62
Let u = 817 - 800. What is the remainder when 67 is divided by u?
16
What is the remainder when 2/3*(-35250)/(-188) is divided by 33?
26
Calculate the remainder when 48 is divided by (1/3)/((100/10)/900).
18
Suppose -2*k = -k. Suppose k = v + 9 - 22. Suppose 25 = 5*h - 0*h. What is the remainder when v is divided by h?
3
Suppose 19*o - 347 - 1325 = 0. What is the remainder when o is divided by 2/3 + 100/12?
7
Suppose 7*l = -l + 4*l + 320. Suppose -p + 22 + 21 = 0. Calculate the remainder when l is divided by p.
37
Let s(c) = c**2 - 11*c + 21. What is the remainder when 182 is divided by s(2)?
2
Let t(b) = -2*b**3 - 6*b**2 + b + 4. Let l be t(-5). Let r = l - 29. What is the remainder when r is divided by 15?
10
Suppose -20*m = -19*m - 2. Suppose 34 = -m*i + 108. What is the remainder when i is divided by 11?
4
Let p(h) = -h**3 - h**2 + 5*h - 1. Let a be p(-4). Suppose -7 = -2*b + a. Let o(y) = y**2 - 10*y + 13. Calculate the remainder when b is divided by o(9).
1
Calculate the remainder when ((-66)/9)/11*-51 is divided by 5.
4
Let a(f) = -f**2 - 5*f + 32. Let o be a(-8). Let k(w) = -w**2 + w + 73. Calculate the remainder when k(o) is divided by 7.
3
Let u = 76 - 46. Let a = 97 + -39. Let j = a + -41. What is the remainder when u is divided by j?
13
Let y = -25 - -27. Suppose 4*g = 0, -6*g - 32 = -4*z - y*g. What is the remainder when 22 is divided by z?
6
Let a(n) = -n**2 - 6*n - 6. Let z be a(-11). Let u = z + 73. What is the remainder when 18 is divided by u?
6
Suppose -76 = -2*j + 5*t, 4*t - 56 + 212 = 5*j. Let f = j + -7. What is the remainder when f is divided by 8?
5
Suppose -5*y = 5*v + 5, 3*v + 0*v - 2*y + 28 = 0. What is the remainder when 70 - ((-12)/v - (-2 - 0)) is divided by 23?
20
Let k = 99 + -47. Let c = k - 42. Calculate the remainder when c is divided by 4.
2
Suppose 2 = 2*t - 4, -5*g + t = -157. Let d = 142 + -71. Calculate the remainder when d is divided by 376/g - (-1)/4*1.
11
Let g(v) = -14*v - 2*v + 4 - 2. What is the remainder when g(-2) is divided by 18?
16
Let d be (-28)/(21/9 - 3). Suppose 2*b - d = b. Calculate the remainder when (5/15)/(2/b) is divided by 4.
3
Suppose -21*c = 11*c - 3424. Calculate the remainder when c is divided by 36.
35
Let x = 1228 - 905. Calculate the remainder when x is divided by 27.
26
Suppose 2*r - 3 + 1 = 3*m, 25 = 3*r + m. Let i be ((-1 - -1) + 2)/((-18)/(-36)). Suppose 0 = i*q + 25*q - 493. Calculate the remainder when q is divided by r.
3
Let m = 441 - 405. What is the remainder when 68 is divided by m?
32
Let g = 365 + -240. Calculate the remainder when g is divided by 64.
61
Let q(m) = m - 6. Suppose 3*f - 47 = -f + 5*r, -3*f - 2*r = -18. Let b be q(f). Suppose -b*j + 57 = -1. What is the remainder when j is divided by 10?
9
Suppose 1 = t, -27 + 94 = v - t. Let x be 3/(6/56)*(-1030)/824. Let b = x + v. What is the remainder when 129 is divided by b?
30
Let m(h) = h + 5. Let z be m(0). Suppose -z*k - 10 = -20. Suppose -3*f + 25 - 7 = 0. What is the remainder when f is divided by k?
0
Let m = 90 + -236. Let v = 252 + m. Suppose -z + 2*z - 31 = n, -z = -3*n - 39. Calculate the remainder when v is divided by z.
25
Let q = -5 + 18. What is the remainder when 1 + (70/(-20))/(2/(-28)) is divided by q?
11
Let x(z) = z**2 - 14*z - 11. Let g be x(16). Suppose 19*a + 334 = g*a. What is the remainder when a is divided by 34?
31
Calculate the remainder when 73 is divided by (0 - -1)/(50/3200).
9
Let r(q) = 4*q + 29 - 63 + 3*q. Calculate the remainder when r(19) is divided by 34.
31
Let g(b) = 2*b**2 - 33*b - 34. Let n be g(18). Calculate the remainder when 24 is divided by (n/6)/((-1)/(-3)).
4
Suppose 215 = 27*k - 22*k. Calculate the remainder when 120 is divided by k.
34
Sup